{"id":2,"date":"2017-07-27T20:15:06","date_gmt":"2017-07-27T18:15:06","guid":{"rendered":"https:\/\/matthias-gloeckner.de\/blog\/?page_id=2"},"modified":"2025-12-02T10:02:17","modified_gmt":"2025-12-02T09:02:17","slug":"ueber","status":"publish","type":"page","link":"https:\/\/matthias-gloeckner.de\/blog\/ueber\/","title":{"rendered":"&Uuml;ber"},"content":{"rendered":"<p><b>\u00dcber<\/b><\/p>\n<p>Dipl.-Psych. Matthias Gl\u00f6ckner<br \/>\nPsychologischer Psychotherapeut (VT)<br \/>\nHainstra\u00dfe 110<br \/>\n09130 Chemnitz<\/p>\n<table>\n<tbody>\n<tr>\n<td style=\"width:80px;\">Telefon:<\/td>\n<td style=\"width:20px;\"><\/td>\n<td>0371 \/ 28 333 64<\/td>\n<\/tr>\n<tr>\n<td style=\"width:80px;\">Bluesky:<\/td>\n<td style=\"width:20px;\"><\/td>\n<td><a href=\"https:\/\/bsky.app\/profile\/msgr.bsky.social\" target=\"_blank\" rel=\"noopener\">@msgr.bsky.social<\/a><\/td>\n<\/tr>\n<tr>\n<td style=\"width:80px;\">LinkedIn:<\/td>\n<td style=\"width:20px;\"><\/td>\n<td><a href=\"https:\/\/de.linkedin.com\/in\/matthias-gl%C3%B6ckner-b46704383\" target=\"_blank\" rel=\"noopener\">matthias-gl\u00f6ckner-b46704383<\/a><\/td>\n<\/tr>\n<tr>\n<td style=\"width:80px;\">Threema:<\/td>\n<td style=\"width:20px;\"><\/td>\n<td>5ACTYDE3<\/td>\n<\/tr>\n<\/tbody>\n<\/table>\n<p><a href=\"..\/..\/impressum.html\">Impressum &amp; Datenschutzerkl\u00e4rung<\/a><\/p>\n","protected":false},"excerpt":{"rendered":"<p>\u00dcber Dipl.-Psych. Matthias Gl\u00f6ckner Psychologischer Psychotherapeut (VT) Hainstra\u00dfe 110 09130 Chemnitz Telefon: 0371 \/ 28 333 64 Bluesky: @msgr.bsky.social LinkedIn: matthias-gl\u00f6ckner-b46704383 Threema: 5ACTYDE3 Impressum &amp; Datenschutzerkl\u00e4rung<\/p>\n","protected":false},"author":1,"featured_media":0,"parent":0,"menu_order":0,"comment_status":"closed","ping_status":"open","template":"","meta":{"footnotes":""},"class_list":["post-2","page","type-page","status-publish","hentry"],"_links":{"self":[{"href":"https:\/\/matthias-gloeckner.de\/blog\/wp-json\/wp\/v2\/pages\/2","targetHints":{"allow":["GET"]}}],"collection":[{"href":"https:\/\/matthias-gloeckner.de\/blog\/wp-json\/wp\/v2\/pages"}],"about":[{"href":"https:\/\/matthias-gloeckner.de\/blog\/wp-json\/wp\/v2\/types\/page"}],"author":[{"embeddable":true,"href":"https:\/\/matthias-gloeckner.de\/blog\/wp-json\/wp\/v2\/users\/1"}],"replies":[{"embeddable":true,"href":"https:\/\/matthias-gloeckner.de\/blog\/wp-json\/wp\/v2\/comments?post=2"}],"version-history":[{"count":26,"href":"https:\/\/matthias-gloeckner.de\/blog\/wp-json\/wp\/v2\/pages\/2\/revisions"}],"predecessor-version":[{"id":1242,"href":"https:\/\/matthias-gloeckner.de\/blog\/wp-json\/wp\/v2\/pages\/2\/revisions\/1242"}],"wp:attachment":[{"href":"https:\/\/matthias-gloeckner.de\/blog\/wp-json\/wp\/v2\/media?parent=2"}],"curies":[{"name":"wp","href":"https:\/\/api.w.org\/{rel}","templated":true}]}}